{"id":8389,"date":"2025-11-12T16:35:08","date_gmt":"2025-11-12T13:35:08","guid":{"rendered":"https:\/\/belfastkoteklimenu.com\/?post_type=product&#038;p=8389"},"modified":"2026-02-03T17:25:04","modified_gmt":"2026-02-03T14:25:04","slug":"umami-protein-bowl","status":"publish","type":"product","link":"https:\/\/belfastkoteklimenu.com\/?product=umami-protein-bowl","title":{"rendered":"Umami Protein Bowl"},"content":{"rendered":"<p>Basmati pirin\u00e7 pilav\u0131 ve \u0131zgara tavuk; baby sebze ve mascolin salata e\u015fli\u011finde.<\/p>\n","protected":false},"excerpt":{"rendered":"<p>Basmati pirin\u00e7 pilav\u0131 ve \u0131zgara tavuk; baby sebze ve mascolin salata e\u015fli\u011finde.<\/p>\n","protected":false},"featured_media":0,"comment_status":"open","ping_status":"closed","template":"","meta":[],"product_brand":[],"product_cat":[49],"product_tag":[],"class_list":{"0":"post-8389","1":"product","2":"type-product","3":"status-publish","5":"product_cat-bowls","6":"food-materials-basmati-pirinc-pilavi-ve-izgara-tavuk-baby-sebze-ve-mascolin-salata-esliginde","8":"first","9":"instock","10":"shipping-taxable","11":"purchasable","12":"product-type-simple"},"_links":{"self":[{"href":"https:\/\/belfastkoteklimenu.com\/index.php?rest_route=\/wp\/v2\/product\/8389","targetHints":{"allow":["GET"]}}],"collection":[{"href":"https:\/\/belfastkoteklimenu.com\/index.php?rest_route=\/wp\/v2\/product"}],"about":[{"href":"https:\/\/belfastkoteklimenu.com\/index.php?rest_route=\/wp\/v2\/types\/product"}],"replies":[{"embeddable":true,"href":"https:\/\/belfastkoteklimenu.com\/index.php?rest_route=%2Fwp%2Fv2%2Fcomments&post=8389"}],"wp:attachment":[{"href":"https:\/\/belfastkoteklimenu.com\/index.php?rest_route=%2Fwp%2Fv2%2Fmedia&parent=8389"}],"wp:term":[{"taxonomy":"product_brand","embeddable":true,"href":"https:\/\/belfastkoteklimenu.com\/index.php?rest_route=%2Fwp%2Fv2%2Fproduct_brand&post=8389"},{"taxonomy":"product_cat","embeddable":true,"href":"https:\/\/belfastkoteklimenu.com\/index.php?rest_route=%2Fwp%2Fv2%2Fproduct_cat&post=8389"},{"taxonomy":"product_tag","embeddable":true,"href":"https:\/\/belfastkoteklimenu.com\/index.php?rest_route=%2Fwp%2Fv2%2Fproduct_tag&post=8389"}],"curies":[{"name":"wp","href":"https:\/\/api.w.org\/{rel}","templated":true}]}}