{"id":8391,"date":"2025-11-12T16:36:07","date_gmt":"2025-11-12T13:36:07","guid":{"rendered":"https:\/\/belfastkoteklimenu.com\/?post_type=product&#038;p=8391"},"modified":"2026-02-05T15:04:10","modified_gmt":"2026-02-05T12:04:10","slug":"3lu-mini-burger","status":"publish","type":"product","link":"https:\/\/belfastkoteklimenu.com\/?product=3lu-mini-burger","title":{"rendered":"3&#8217;l\u00fc Mini Burger"},"content":{"rendered":"<p>50 gr hamburger k\u00f6ftesi ve 1 dilim cheddar ile haz\u0131rlanan 3 mini burger; hardall\u0131 mayonez e\u015fli\u011finde, yan\u0131nda patates k\u0131zartmas\u0131 ile servis.<\/p>\n","protected":false},"excerpt":{"rendered":"<p>50 gr hamburger k\u00f6ftesi ve 1 dilim cheddar ile haz\u0131rlanan 3 mini burger; hardall\u0131 mayonez e\u015fli\u011finde, yan\u0131nda patates k\u0131zartmas\u0131 ile servis.<\/p>\n","protected":false},"featured_media":0,"comment_status":"open","ping_status":"closed","template":"","meta":[],"product_brand":[],"product_cat":[50],"product_tag":[],"class_list":{"0":"post-8391","1":"product","2":"type-product","3":"status-publish","5":"product_cat-burger-ve-lavas","6":"food-materials-50-gr-hamburger-koftesi-ve-1-dilim-cheddar-ile-hazirlanan-3-mini-burger-hardalli-mayonez-esliginde-yaninda-patates-kizartmasi-ile-servis","8":"first","9":"instock","10":"shipping-taxable","11":"purchasable","12":"product-type-simple"},"_links":{"self":[{"href":"https:\/\/belfastkoteklimenu.com\/index.php?rest_route=\/wp\/v2\/product\/8391","targetHints":{"allow":["GET"]}}],"collection":[{"href":"https:\/\/belfastkoteklimenu.com\/index.php?rest_route=\/wp\/v2\/product"}],"about":[{"href":"https:\/\/belfastkoteklimenu.com\/index.php?rest_route=\/wp\/v2\/types\/product"}],"replies":[{"embeddable":true,"href":"https:\/\/belfastkoteklimenu.com\/index.php?rest_route=%2Fwp%2Fv2%2Fcomments&post=8391"}],"wp:attachment":[{"href":"https:\/\/belfastkoteklimenu.com\/index.php?rest_route=%2Fwp%2Fv2%2Fmedia&parent=8391"}],"wp:term":[{"taxonomy":"product_brand","embeddable":true,"href":"https:\/\/belfastkoteklimenu.com\/index.php?rest_route=%2Fwp%2Fv2%2Fproduct_brand&post=8391"},{"taxonomy":"product_cat","embeddable":true,"href":"https:\/\/belfastkoteklimenu.com\/index.php?rest_route=%2Fwp%2Fv2%2Fproduct_cat&post=8391"},{"taxonomy":"product_tag","embeddable":true,"href":"https:\/\/belfastkoteklimenu.com\/index.php?rest_route=%2Fwp%2Fv2%2Fproduct_tag&post=8391"}],"curies":[{"name":"wp","href":"https:\/\/api.w.org\/{rel}","templated":true}]}}