{"id":8402,"date":"2025-11-12T16:41:59","date_gmt":"2025-11-12T13:41:59","guid":{"rendered":"https:\/\/belfastkoteklimenu.com\/?post_type=product&#038;p=8402"},"modified":"2026-02-03T17:20:53","modified_gmt":"2026-02-03T14:20:53","slug":"patates-kizartmasi","status":"publish","type":"product","link":"https:\/\/belfastkoteklimenu.com\/?product=patates-kizartmasi","title":{"rendered":"Patates K\u0131zartmas\u0131"},"content":{"rendered":"<p>Cajun baharat\u0131 ile lezzetlendirilmi\u015f 500 gr ka\u015f\u0131k patates; tr\u00fcf sos ile servis.<\/p>\n","protected":false},"excerpt":{"rendered":"<p>Cajun baharat\u0131 ile lezzetlendirilmi\u015f 500 gr ka\u015f\u0131k patates; tr\u00fcf sos ile servis.<\/p>\n","protected":false},"featured_media":0,"comment_status":"open","ping_status":"closed","template":"","meta":[],"product_brand":[],"product_cat":[51],"product_tag":[],"class_list":{"0":"post-8402","1":"product","2":"type-product","3":"status-publish","5":"product_cat-atistirmaliklar","6":"food-materials-cajun-baharati-ile-lezzetlendirilmis-500-gr-kasik-patates-truf-sos-ile-servis","8":"first","9":"instock","10":"shipping-taxable","11":"purchasable","12":"product-type-simple"},"_links":{"self":[{"href":"https:\/\/belfastkoteklimenu.com\/index.php?rest_route=\/wp\/v2\/product\/8402","targetHints":{"allow":["GET"]}}],"collection":[{"href":"https:\/\/belfastkoteklimenu.com\/index.php?rest_route=\/wp\/v2\/product"}],"about":[{"href":"https:\/\/belfastkoteklimenu.com\/index.php?rest_route=\/wp\/v2\/types\/product"}],"replies":[{"embeddable":true,"href":"https:\/\/belfastkoteklimenu.com\/index.php?rest_route=%2Fwp%2Fv2%2Fcomments&post=8402"}],"wp:attachment":[{"href":"https:\/\/belfastkoteklimenu.com\/index.php?rest_route=%2Fwp%2Fv2%2Fmedia&parent=8402"}],"wp:term":[{"taxonomy":"product_brand","embeddable":true,"href":"https:\/\/belfastkoteklimenu.com\/index.php?rest_route=%2Fwp%2Fv2%2Fproduct_brand&post=8402"},{"taxonomy":"product_cat","embeddable":true,"href":"https:\/\/belfastkoteklimenu.com\/index.php?rest_route=%2Fwp%2Fv2%2Fproduct_cat&post=8402"},{"taxonomy":"product_tag","embeddable":true,"href":"https:\/\/belfastkoteklimenu.com\/index.php?rest_route=%2Fwp%2Fv2%2Fproduct_tag&post=8402"}],"curies":[{"name":"wp","href":"https:\/\/api.w.org\/{rel}","templated":true}]}}