{"id":8740,"date":"2026-01-02T16:17:29","date_gmt":"2026-01-02T13:17:29","guid":{"rendered":"https:\/\/belfastkoteklimenu.com\/?post_type=product&#038;p=8740"},"modified":"2026-02-03T16:40:33","modified_gmt":"2026-02-03T13:40:33","slug":"izgara-kasap-kofte","status":"publish","type":"product","link":"https:\/\/belfastkoteklimenu.com\/?product=izgara-kasap-kofte","title":{"rendered":"Izgara Kasap K\u00f6fte"},"content":{"rendered":"<p>Izgarada pi\u015firilen 5 adet 50 gr k\u00f6fte; yan\u0131nda basmati pirin\u00e7 pilav\u0131, mascolin salata ve 4 adet lava\u015f.<\/p>\n","protected":false},"excerpt":{"rendered":"<p>Izgarada pi\u015firilen 5 adet 50 gr k\u00f6fte; yan\u0131nda basmati pirin\u00e7 pilav\u0131, mascolin salata ve 4 adet lava\u015f.<\/p>\n","protected":false},"featured_media":0,"comment_status":"open","ping_status":"closed","template":"","meta":[],"product_brand":[],"product_cat":[54],"product_tag":[],"class_list":{"0":"post-8740","1":"product","2":"type-product","3":"status-publish","5":"product_cat-ana-yemekler","6":"food-materials-izgarada-pisirilen-5-adet-50-gr-kofte-yaninda-basmati-pirinc-pilavi-mascolin-salata-ve-4-adet-lavas","8":"first","9":"instock","10":"shipping-taxable","11":"purchasable","12":"product-type-simple"},"_links":{"self":[{"href":"https:\/\/belfastkoteklimenu.com\/index.php?rest_route=\/wp\/v2\/product\/8740","targetHints":{"allow":["GET"]}}],"collection":[{"href":"https:\/\/belfastkoteklimenu.com\/index.php?rest_route=\/wp\/v2\/product"}],"about":[{"href":"https:\/\/belfastkoteklimenu.com\/index.php?rest_route=\/wp\/v2\/types\/product"}],"replies":[{"embeddable":true,"href":"https:\/\/belfastkoteklimenu.com\/index.php?rest_route=%2Fwp%2Fv2%2Fcomments&post=8740"}],"wp:attachment":[{"href":"https:\/\/belfastkoteklimenu.com\/index.php?rest_route=%2Fwp%2Fv2%2Fmedia&parent=8740"}],"wp:term":[{"taxonomy":"product_brand","embeddable":true,"href":"https:\/\/belfastkoteklimenu.com\/index.php?rest_route=%2Fwp%2Fv2%2Fproduct_brand&post=8740"},{"taxonomy":"product_cat","embeddable":true,"href":"https:\/\/belfastkoteklimenu.com\/index.php?rest_route=%2Fwp%2Fv2%2Fproduct_cat&post=8740"},{"taxonomy":"product_tag","embeddable":true,"href":"https:\/\/belfastkoteklimenu.com\/index.php?rest_route=%2Fwp%2Fv2%2Fproduct_tag&post=8740"}],"curies":[{"name":"wp","href":"https:\/\/api.w.org\/{rel}","templated":true}]}}