{"id":8742,"date":"2026-01-02T16:18:44","date_gmt":"2026-01-02T13:18:44","guid":{"rendered":"https:\/\/belfastkoteklimenu.com\/?post_type=product&#038;p=8742"},"modified":"2026-01-24T15:43:50","modified_gmt":"2026-01-24T12:43:50","slug":"sweet-chili-soslu-tavuk","status":"publish","type":"product","link":"https:\/\/belfastkoteklimenu.com\/?product=sweet-chili-soslu-tavuk","title":{"rendered":"Sweet Chili Soslu Tavuk"},"content":{"rendered":"<p>Sweet chili sos ile harmanlanm\u0131\u015f 150 gr tavuk; yan\u0131nda mascolin salata ve patates k\u0131zartmas\u0131.<\/p>\n","protected":false},"excerpt":{"rendered":"<p>Sweet chili sos ile harmanlanm\u0131\u015f 150 gr tavuk; yan\u0131nda mascolin salata ve patates k\u0131zartmas\u0131.<\/p>\n","protected":false},"featured_media":0,"comment_status":"open","ping_status":"closed","template":"","meta":[],"product_brand":[],"product_cat":[54],"product_tag":[],"class_list":{"0":"post-8742","1":"product","2":"type-product","3":"status-publish","5":"product_cat-ana-yemekler","7":"first","8":"instock","9":"shipping-taxable","10":"purchasable","11":"product-type-simple"},"_links":{"self":[{"href":"https:\/\/belfastkoteklimenu.com\/index.php?rest_route=\/wp\/v2\/product\/8742","targetHints":{"allow":["GET"]}}],"collection":[{"href":"https:\/\/belfastkoteklimenu.com\/index.php?rest_route=\/wp\/v2\/product"}],"about":[{"href":"https:\/\/belfastkoteklimenu.com\/index.php?rest_route=\/wp\/v2\/types\/product"}],"replies":[{"embeddable":true,"href":"https:\/\/belfastkoteklimenu.com\/index.php?rest_route=%2Fwp%2Fv2%2Fcomments&post=8742"}],"wp:attachment":[{"href":"https:\/\/belfastkoteklimenu.com\/index.php?rest_route=%2Fwp%2Fv2%2Fmedia&parent=8742"}],"wp:term":[{"taxonomy":"product_brand","embeddable":true,"href":"https:\/\/belfastkoteklimenu.com\/index.php?rest_route=%2Fwp%2Fv2%2Fproduct_brand&post=8742"},{"taxonomy":"product_cat","embeddable":true,"href":"https:\/\/belfastkoteklimenu.com\/index.php?rest_route=%2Fwp%2Fv2%2Fproduct_cat&post=8742"},{"taxonomy":"product_tag","embeddable":true,"href":"https:\/\/belfastkoteklimenu.com\/index.php?rest_route=%2Fwp%2Fv2%2Fproduct_tag&post=8742"}],"curies":[{"name":"wp","href":"https:\/\/api.w.org\/{rel}","templated":true}]}}